2*u + 84 = -3*j. Let p(y) = -y**3 - 25*y**2 + 28*y + 52. What is p(j)?
0
Let d(f) = -52*f**2 + 28*f - 63. Let i(r) = 87*r**2 - 53*r + 126. Let a(x) = 5*d(x) + 3*i(x). Calculate a(9).
-27
Let z(y) = -y - 1. Suppose -n - 21 = 4*c, 3*n - 11 = -n + 3*c. Let j(a) be the second derivative of -5*a**3/6 - a**2/2 + 3*a. Let i be j(n). Calculate z(i).
-5
Let p = -10 + 17. Let i(y) = 467*y**2 - 7*y - 2 - 957*y**2 + 498*y**2 - y**3. What is i(p)?
-2
Let a(y) = 9*y + 63 + 57 - y - 30. Calculate a(-12).
-6
Let j(u) = -2*u - 2*u + 0 + 0*u - 4. Let r be j(1). Let v(l) be the first derivative of -l**2/2 - l - 12. Give v(r).
7
Let t(u) = 5*u + 2 + 20*u**2 + 10*u - 22*u**2. Let x(v) = -v**2 + 7*v + 1. Let l(q) = 4*t(q) - 9*x(q). Let w(o) = -14*o - 109. Let k be w(-8). Calculate l(k).
-1
Let i = -46 + 44. Let x(o) = 2*o - 2*o**2 + 12 + 19 - 34 + 5. Calculate x(i).
-10
Let u(j) = -88 - 3*j**2 + 16*j - 6*j + 7*j + 4*j**2. Let w be u(-21). Let n(x) = -x**3 - 4*x**2 + 4*x + 4. What is n(w)?
-12
Let j(x) be the first derivative of 4 - 9*x + 1/2*x**2. What is j(10)?
1
Let x(f) = -f**2 + 3*f + 54. Let n(j) = -3*j + 20. Let t(a) = -2*n(a) + x(a). Suppose 0 = m - 7 - 3. Calculate t(m).
4
Let f(u) = -u**3 - 7*u**2 + 8*u - 2. Let a(y) be the third derivative of -y**4/3 - 3*y**3 - 4*y**2. Let m be a(-6). Suppose -24 = 33*w - m*w. Give f(w).
-2
Let r(m) = -m**2 - 8*m + 12. Let a = 4982 - 4992. Calculate r(a).
-8
Let h = 18 + -11. Let a(v) be the third derivative of v**8/20160 - v**7/840 + v**6/720 - v**5/4 - 6*v**2. Let d(y) be the third derivative of a(y). Give d(h).
8
Let x = 78 + -75. Let r be x - (9 + 3 + 2). Let o be (0/(-2))/(r/11). Let h(k) = k + 11. Calculate h(o).
11
Let m be (21/9 - 1)*(-2 - -5). Let c(k) = 3*k - 4 - m*k**2 - 14*k + 3*k + k**3 + 9. Calculate c(5).
-10
Let y = -2231 + 2221. Let k(r) = -2*r - 6. Calculate k(y).
14
Let h(p) = 11*p - 1. Suppose 2 = -v + s, 4*v + 4*s = 5*s - 5. Let g be -4*v/(-1)*4/(-16). Determine h(g).
10
Let i be (165/11 - 9)/(4 - 1). Let t = -11 + 16. Let k(j) = t + j**3 - 5 - j**2 + j - 2 + 2*j. What is k(i)?
8
Let l(v) = -v + 1. Let k be l(0). Suppose 0 = -4*z - z + 5*n - 45, n - k = -z. Let m be -9*1/(-6)*z. Let c(w) = w + 2. Determine c(m).
-4
Let h(c) = -17*c + 23. Let v = 1312 + -1311. Give h(v).
6
Suppose 0 = 24*n - 16*n. Let l = 1 - 0. Let r(p) = -l - 137*p + n + 142*p. Determine r(-1).
-6
Let h(y) = -y**2 - 3*y + 2*y**2 - 6 + 0. Let w be h(5). Let g(k) = -295*k + 23. Let o(r) = -52*r + 4. Let c(u) = 6*g(u) - 34*o(u). What is c(w)?
-6
Let g(b) = b**3 - 10*b**2 + b + 8. Let q(j) = 55*j + 7102. Let i be q(-129). Give g(i).
-132
Let b(y) = -7*y + 92. Suppose 4*i = -5*j + 99, -21 = 84*j - 87*j. Give b(i).
-20
Let f = 9261 + -9256. Let w(s) = -13*s - 11. Give w(f).
-76
Let z(d) = -29*d + 246. Let v be z(25). Let h = v + 478. Let w(n) = -4*n**3 - n**2 - n. Calculate w(h).
4
Let h(f) = 9*f**3 - f**2 + 5*f - 9. Let u(n) = -23*n**3 + 3*n**2 - 11*n + 23. Let k(q) = -5*h(q) - 2*u(q). Give k(-1).
0
Let f(x) = -x - 13. Let a be f(-9). Let n(t) = t**2 + 4*t + 5. Let y be n(a). Let j(r) = -3 - 3*r - y*r - 5 + 9*r. What is j(5)?
-3
Let z(w) be the first derivative of -w**4/4 + 7*w**3/3 - w**2/2 - 25*w + 4168. Give z(6).
5
Let z(h) be the third derivative of -h**4/24 + 13*h**3/6 - 4654*h**2. Let j(c) = -2*c**3 - c**2 - 2*c. Let u be j(-2). What is z(u)?
-3
Let j(l) be the first derivative of l**3/3 - 11*l**2/2 - 67*l - 2590. What is j(15)?
-7
Suppose -18*r = -8*r - 2570. Let p = -260 + r. Let t(g) = 2*g**2 + 2*g + 4. Give t(p).
16
Suppose -6*o - 949 = -25. Let y be 8/(-6) - o/(-33). Let s(l) = 60*l**3 + 7*l**2 - 33*l**3 + 4*l - 26*l**3 - 5. Give s(y).
7
Let z(f) = -f**2 + 3*f - 3. Suppose 153 = -9*c + 1044. Let d = c - 97. Give z(d).
-1
Let p(y) = -565 - 13*y + 567 + 5*y. Let w(v) = -3*v**2 + 2*v**2 - 11*v**3 - v**3 + 11*v**3. Let l be w(1). Give p(l).
18
Let c(y) = y**3 + 9*y**2 - 17*y - 79. Let l = 2326 - 2336. Calculate c(l).
-9
Let s be (-92 - 2)/(7/(-63)*6). Let d(g) = -11*g - 145 + 273 - g**2 - s. Determine d(-9).
5
Suppose 11 = -2*b + 3. Let t(c) = c**2 - 4*c + 5. Let y be t(7). Let m(p) = -y + 64 - 33 + p. What is m(b)?
1
Let v(m) be the first derivative of -107 - 1/2*m**2 - 4*m. Suppose -q - 5 - 3 = 0. Calculate v(q).
4
Let z(h) = 7 - 5*h**2 + 9*h**3 + h - h**3 + h - 9*h**3. Let k be (60/(-90))/(4/(-18)). Suppose 0 = -d - 2 - k. Determine z(d).
-3
Let n(r) = -2*r + 3. Let w(g) = 5*g - 3. Let p(c) = 5*n(c) + 4*w(c). Let f be 7 - 18*(-1)/(-2). Give p(f).
-17
Let y(f) = 5*f + 1. Let b(q) = -10*q - 1. Let r(d) = -2*b(d) - 5*y(d). Let m be 0*-2*4/16. Suppose m + 4 = -2*a. Give r(a).
7
Let h(l) = -9*l**2 + 3*l - 7. Let s(y) = -5*y**2 + y - 4. Let n(q) = 6*h(q) - 11*s(q). Let w be (-5 + 15)*1/2. Suppose -7 = 2*z + w. Calculate n(z).
-4
Let j(v) = v**2 - 2*v - 13. Let o(m) = -3*m**2 + 257*m - 3003. Let y be o(14). Calculate j(y).
22
Suppose -79*d + 49*d = -34 - 26. Let k(v) = -3*v**3 + v**2 + 2*v - 2. Calculate k(d).
-18
Let o(w) = 14*w**2 - 24*w - 40. Let k(h) = -5*h**2 + 8*h + 14. Let c(m) = 11*k(m) + 4*o(m). Let t be -1*-2*(-4)/(-8) - -8. Give c(t).
3
Let m(x) = 2*x**2 - 98*x + 371. Let q be m(45). Let s(o) = -3*o + 18. What is s(q)?
-15
Let f be (-1 + 38/8)/(10/(-120)). Let j = -42 - f. Let p(l) = -11*l**2 - j*l - 3 + 3 + 7*l**2. What is p(-2)?
-10
Let s = -37 - -41. Suppose 38 = s*c - 3*a, -5*c + a = -3*a - 48. Let n(v) = -9 + 17 - c + v. What is n(7)?
7
Suppose 103*p + 6*p - 537 = 226. Let j(u) = -5*u + 3. Give j(p).
-32
Let h(u) = 7*u**2 + 3*u - 13. Let x(f) = f**2 + 3. Let k(o) = -h(o) - 5*x(o). What is k(-2)?
-44
Let r(q) = 5*q**2 - 17*q + 17. Let b(y) = 7*y**2 - 19*y + 18. Let m(w) = 2*b(w) - 3*r(w). Calculate m(11).
7
Let v(a) be the first derivative of -7*a**2/2 - 1532. Let f = 12 - 12. Suppose -y - 1 = -f*q + q, 5*y - 16 = 2*q. Give v(y).
-14
Let z(v) = -3*v + 3*v**2 - 233381 + 233383 + 5*v. Let r = 2 + 3. Suppose 5*c + 9 = 3*b, 5 = 5*b - r*c - 0. Determine z(b).
10
Let u be 12 - ((-4 - -6) + -1). Let l(d) = -12*d**2 - 35*d + 33. Let z(r) = 7*r**2 + 18*r - 17. Let s(f) = 4*l(f) + 7*z(f). Give s(u).
-20
Let s = -155 - -150. Let j(c) = -12*c**2 + 38*c - 73. Let r(l) = -5*l**2 + 19*l - 37. Let y(n) = s*r(n) + 2*j(n). Calculate y(16).
-9
Let f(z) = z**3 + z**2 + 1. Let l(g) = -2*g**3 - 4*g**2 + 3. Suppose 6*q = 2*q + 4. Let v(h) = q*l(h) + 3*f(h). Suppose 13229*t = 13151*t. What is v(t)?
6
Let z = 17 - 13. Suppose 71*v = 67*v + z. Let c(f) be the first derivative of f**2 - 3. Calculate c(v).
2
Let u(p) = 34*p + 7. Let h(a) = 28*a + 7. Let o(w) = 9*h(w) - 8*u(w). Calculate o(1).
-13
Let i = 262 - 248. Let o(k) = i*k**2 + 47*k**2 - 54*k**2 - k**3 - 10. What is o(7)?
-10
Suppose 50 = d + 9*d. Let v(u) be the first derivative of -u**4/4 + 2*u**3 - 3*u**2 - 2*u + 3. Give v(d).
-7
Let c(o) be the third derivative of o**5/60 + o**4/8 - o**3/6 + o**2. Suppose 101*f = 96*f, 4*s + 5*f + 28 = 0. Calculate c(s).
27
Suppose 8*x = 11 + 13. Let p be 56*6/36 - 1/x. Let l(b) = b**3 - 8*b**2 - 11*b + 12. Determine l(p).
-6
Let v(h) = 110*h**3 - 3*h - 422*h**2 - 109*h**3 - 6 + 430*h**2 + 22. Give v(-9).
-38
Suppose 20 = -5*b + 5*x, 0*x + 2*x = -5*b + 8. Suppose b = 15*g - 11*g - 48. Let u(a) = 3*a + 19 + 0*a - g - 6. Calculate u(-4).
-11
Let f be 1/6 + (-3486)/(-252). Let c(u) = -3*u**3 + 5*u**2 + 4*u**3 + 10 - 20*u**2 + 14*u. Calculate c(f).
10
Let p = -9 - -10. Let z(r) = -4 - 4*r - p + 2*r. Let v be (((-21)/(-9))/((10/(-30))/1))/1. Give z(v).
9
Suppose 0 = 4*j + a - 31, 1 + 2 = -3*a. Let i(r) = r**3 - 7*r**2 - 1435*r + 1434*r + 0*r**2 - r**2 - 1 - 5. What is i(j)?
-14
Suppose 0 = -p - 4*p + 20. Let k be ((-1)/(-4))/(p/(-16)). Let h(j) = -1176 + 49*j**2 + j - 48*j**2 + 1177 + 4*j**3. Determine h(k).
-3
Let z(n) = -3*n**2 - 44*n - 1. Suppose 0 = 12*o + 100 + 80. Give z(o).
-16
Let r(s) be the third derivative of -s**4/24 - s**3 + 9*s**2. Suppose -12*g = -g - 2222. Let v = g + -202. Calculate r(v).
-6
Let l(z) be the first derivative of -2*z**3/3 - 9*z**2 - 17*z - 2114. What is l(-8)?
-1
Let t(f) = 3*f**2 - 57*f + 180. Let i be t(3). Let s(z) = 4*z - 155. Calculate s(i).
-11
Let w(q) = -2*q + 27. Let x(h) = h**3 + 3*h**2 - 9*h - 3. Let k be x(-4). Let f be w(k). Let i(j) = 6 - 2 - 1 + j. Determine i(f).
-4
Let p(x) be the second derivative of x**